Dec 01 19:54:33.405 INFO testing dbrgn/tealdeer against master#8940af3cea4a9a9deabcaf843b2f8cad9a83fc61 for beta-1.31-5
Dec 01 19:54:33.405 INFO running `"docker" "create" "-v" "/mnt/big/crater/work/local/target-dirs/beta-1.31-5/worker-4/master#8940af3cea4a9a9deabcaf843b2f8cad9a83fc61:/target:rw,Z" "-v" "/mnt/big/crater/work/local/test-source/worker-4/beta-1.31-5/master#8940af3cea4a9a9deabcaf843b2f8cad9a83fc61:/source:ro,Z" "-v" "/mnt/big/crater/work/local/cargo-home:/cargo-home:ro,Z" "-v" "/mnt/big/crater/work/local/rustup-home:/rustup-home:ro,Z" "-e" "USER_ID=1000" "-e" "SOURCE_DIR=/source" "-e" "USER_ID=1000" "-e" "CMD=cargo +8940af3cea4a9a9deabcaf843b2f8cad9a83fc61-alt build --frozen" "-e" "CARGO_TARGET_DIR=/target" "-e" "CARGO_INCREMENTAL=0" "-e" "RUST_BACKTRACE=full" "-e" "RUSTFLAGS=--cap-lints=warn" "-e" "CARGO_HOME=/cargo-home" "-e" "RUSTUP_HOME=/rustup-home" "-m" "1536M" "--network" "none" "crater"`
Dec 01 19:54:33.970 INFO [stdout] 52e0e06dd5f0247d3bd9986c3b69b1a1c280e129b2fd66e8852afa0b9e29ae26
Dec 01 19:54:33.972 INFO running `"docker" "start" "-a" "52e0e06dd5f0247d3bd9986c3b69b1a1c280e129b2fd66e8852afa0b9e29ae26"`
Dec 01 19:54:35.355 INFO [stderr] usermod: no changes
Dec 01 19:54:35.776 INFO [stderr]    Compiling filetime v0.2.1
Dec 01 19:54:35.780 INFO [stderr]    Compiling want v0.0.6
Dec 01 19:54:35.780 INFO [stderr]    Compiling mio v0.6.16
Dec 01 19:54:35.780 INFO [stderr]    Compiling tokio-io v0.1.10
Dec 01 19:54:35.780 INFO [stderr]    Compiling crossbeam-epoch v0.6.1
Dec 01 19:54:35.784 INFO [stderr]    Compiling parking_lot v0.6.4
Dec 01 19:54:35.784 INFO [stderr]    Compiling serde v1.0.80
Dec 01 19:54:38.359 INFO [stderr]    Compiling tar v0.4.17
Dec 01 19:54:42.927 INFO [stderr]    Compiling crossbeam-deque v0.6.2
Dec 01 19:54:44.977 INFO [stderr]    Compiling tokio-codec v0.1.1
Dec 01 19:54:44.977 INFO [stderr]    Compiling h2 v0.1.13
Dec 01 19:54:46.063 INFO [stderr]    Compiling tokio-threadpool v0.1.8
Dec 01 19:54:49.319 INFO [stderr]    Compiling tokio-reactor v0.1.6
Dec 01 19:54:50.675 INFO [stderr]    Compiling mio-uds v0.6.7
Dec 01 19:54:59.035 INFO [stderr]    Compiling tokio-fs v0.1.4
Dec 01 19:55:00.855 INFO [stderr]    Compiling tokio-udp v0.1.2
Dec 01 19:55:00.855 INFO [stderr]    Compiling tokio-uds v0.2.3
Dec 01 19:55:00.855 INFO [stderr]    Compiling tokio-tcp v0.1.2
Dec 01 19:55:12.442 INFO [stderr]    Compiling tokio v0.1.11
Dec 01 19:55:18.247 INFO [stderr]    Compiling hyper v0.12.14
Dec 01 19:55:19.921 INFO [stderr]    Compiling serde_json v1.0.32
Dec 01 19:55:19.921 INFO [stderr]    Compiling serde_urlencoded v0.5.3
Dec 01 19:55:19.921 INFO [stderr]    Compiling docopt v0.8.3
Dec 01 19:55:19.921 INFO [stderr]    Compiling toml v0.4.8
Dec 01 19:55:46.811 INFO [stderr]    Compiling hyper-tls v0.3.1
Dec 01 19:55:49.796 INFO [stderr]    Compiling reqwest v0.9.5
Dec 01 19:56:03.443 INFO [stderr]    Compiling tealdeer v1.1.0 (/source)
Dec 01 19:56:15.304 INFO [stderr]     Finished dev [unoptimized + debuginfo] target(s) in 1m 39s
Dec 01 19:56:15.325 INFO [stderr] su: No module specific data is present
Dec 01 19:56:16.055 INFO running `"docker" "inspect" "52e0e06dd5f0247d3bd9986c3b69b1a1c280e129b2fd66e8852afa0b9e29ae26"`
Dec 01 19:56:16.349 INFO running `"docker" "rm" "-f" "52e0e06dd5f0247d3bd9986c3b69b1a1c280e129b2fd66e8852afa0b9e29ae26"`
Dec 01 19:56:16.643 INFO [stdout] 52e0e06dd5f0247d3bd9986c3b69b1a1c280e129b2fd66e8852afa0b9e29ae26
Dec 01 19:56:16.648 INFO running `"docker" "create" "-v" "/mnt/big/crater/work/local/target-dirs/beta-1.31-5/worker-4/master#8940af3cea4a9a9deabcaf843b2f8cad9a83fc61:/target:rw,Z" "-v" "/mnt/big/crater/work/local/test-source/worker-4/beta-1.31-5/master#8940af3cea4a9a9deabcaf843b2f8cad9a83fc61:/source:ro,Z" "-v" "/mnt/big/crater/work/local/cargo-home:/cargo-home:ro,Z" "-v" "/mnt/big/crater/work/local/rustup-home:/rustup-home:ro,Z" "-e" "USER_ID=1000" "-e" "SOURCE_DIR=/source" "-e" "USER_ID=1000" "-e" "CMD=cargo +8940af3cea4a9a9deabcaf843b2f8cad9a83fc61-alt test --frozen --no-run" "-e" "CARGO_TARGET_DIR=/target" "-e" "CARGO_INCREMENTAL=0" "-e" "RUST_BACKTRACE=full" "-e" "RUSTFLAGS=--cap-lints=warn" "-e" "CARGO_HOME=/cargo-home" "-e" "RUSTUP_HOME=/rustup-home" "-m" "1536M" "--network" "none" "crater"`
Dec 01 19:56:17.072 INFO [stdout] da79a586f1a196526b48e40b95e31bd7ffbdd3c654e631fe58002905b68c4a56
Dec 01 19:56:17.083 INFO running `"docker" "start" "-a" "da79a586f1a196526b48e40b95e31bd7ffbdd3c654e631fe58002905b68c4a56"`
Dec 01 19:56:18.186 INFO [stderr] usermod: no changes
Dec 01 19:56:18.493 INFO [stderr]    Compiling escargot v0.3.1
Dec 01 19:56:18.493 INFO [stderr]    Compiling predicates-core v1.0.0
Dec 01 19:56:18.493 INFO [stderr]    Compiling normalize-line-endings v0.2.2
Dec 01 19:56:18.513 INFO [stderr]    Compiling float-cmp v0.4.0
Dec 01 19:56:18.519 INFO [stderr]    Compiling utime v0.2.1
Dec 01 19:56:21.141 INFO [stderr]    Compiling predicates v1.0.0
Dec 01 19:56:21.141 INFO [stderr]    Compiling predicates-tree v1.0.0
Dec 01 19:56:25.703 INFO [stderr]    Compiling assert_cmd v0.10.2
Dec 01 19:56:28.531 INFO [stderr]    Compiling tealdeer v1.1.0 (/source)
Dec 01 19:56:32.011 INFO [stderr] warning: method is never used: `no_default_features`
Dec 01 19:56:32.011 INFO [stderr]   --> tests/lib.rs:38:5
Dec 01 19:56:32.011 INFO [stderr]    |
Dec 01 19:56:32.011 INFO [stderr] 38 |     fn no_default_features(mut self) -> Self {
Dec 01 19:56:32.012 INFO [stderr]    |     ^^^^^^^^^^^^^^^^^^^^^^^^^^^^^^^^^^^^^^^^
Dec 01 19:56:32.012 INFO [stderr]    |
Dec 01 19:56:32.012 INFO [stderr]    = note: #[warn(dead_code)] on by default
Dec 01 19:56:32.013 INFO [stderr] 
Dec 01 19:56:32.013 INFO [stderr] warning: method is never used: `with_feature`
Dec 01 19:56:32.013 INFO [stderr]   --> tests/lib.rs:44:5
Dec 01 19:56:32.013 INFO [stderr]    |
Dec 01 19:56:32.014 INFO [stderr] 44 |     fn with_feature<S: Into<String>>(mut self, feature: S) -> Self {
Dec 01 19:56:32.014 INFO [stderr]    |     ^^^^^^^^^^^^^^^^^^^^^^^^^^^^^^^^^^^^^^^^^^^^^^^^^^^^^^^^^^^^^^
Dec 01 19:56:32.014 INFO [stderr] 
Dec 01 19:56:42.944 INFO [stderr]     Finished dev [unoptimized + debuginfo] target(s) in 24.72s
Dec 01 19:56:42.960 INFO [stderr] su: No module specific data is present
Dec 01 19:56:43.305 INFO running `"docker" "inspect" "da79a586f1a196526b48e40b95e31bd7ffbdd3c654e631fe58002905b68c4a56"`
Dec 01 19:56:43.444 INFO running `"docker" "rm" "-f" "da79a586f1a196526b48e40b95e31bd7ffbdd3c654e631fe58002905b68c4a56"`
Dec 01 19:56:43.700 INFO [stdout] da79a586f1a196526b48e40b95e31bd7ffbdd3c654e631fe58002905b68c4a56
Dec 01 19:56:43.705 INFO running `"docker" "create" "-v" "/mnt/big/crater/work/local/target-dirs/beta-1.31-5/worker-4/master#8940af3cea4a9a9deabcaf843b2f8cad9a83fc61:/target:rw,Z" "-v" "/mnt/big/crater/work/local/test-source/worker-4/beta-1.31-5/master#8940af3cea4a9a9deabcaf843b2f8cad9a83fc61:/source:ro,Z" "-v" "/mnt/big/crater/work/local/cargo-home:/cargo-home:ro,Z" "-v" "/mnt/big/crater/work/local/rustup-home:/rustup-home:ro,Z" "-e" "USER_ID=1000" "-e" "SOURCE_DIR=/source" "-e" "USER_ID=1000" "-e" "CMD=cargo +8940af3cea4a9a9deabcaf843b2f8cad9a83fc61-alt test --frozen" "-e" "CARGO_TARGET_DIR=/target" "-e" "CARGO_INCREMENTAL=0" "-e" "RUST_BACKTRACE=full" "-e" "RUSTFLAGS=--cap-lints=warn" "-e" "CARGO_HOME=/cargo-home" "-e" "RUSTUP_HOME=/rustup-home" "-m" "1536M" "--network" "none" "crater"`
Dec 01 19:56:43.904 INFO [stdout] 8d33e74b654a5a76471ca73defbb5deb98fab6787eff451ecd8287e97cb42cb1
Dec 01 19:56:43.909 INFO running `"docker" "start" "-a" "8d33e74b654a5a76471ca73defbb5deb98fab6787eff451ecd8287e97cb42cb1"`
Dec 01 19:56:44.463 INFO [stderr] usermod: no changes
Dec 01 19:56:44.747 INFO [stderr]     Finished dev [unoptimized + debuginfo] target(s) in 0.26s
Dec 01 19:56:44.769 INFO [stderr]      Running /target/debug/deps/tldr-98306fb70e4c4c00
Dec 01 19:56:44.773 INFO [stdout] 
Dec 01 19:56:44.773 INFO [stdout] running 6 tests
Dec 01 19:56:44.780 INFO [stdout] test config::test_serialize_deserialize ... ok
Dec 01 19:56:44.787 INFO [stdout] test types::test::test_linetype_from_str ... ok
Dec 01 19:56:44.787 INFO [stdout] test tokenizer::test::test_first_line_old_format ... ok
Dec 01 19:56:44.795 INFO [stdout] test tokenizer::test::test_first_line_new_format ... ok
Dec 01 19:56:44.822 INFO [stdout] test test::test_docopt_expect_error ... ok
Dec 01 19:56:44.824 INFO [stdout] test test::test_docopt_os_case_insensitive ... ok
Dec 01 19:56:44.825 INFO [stdout] 
Dec 01 19:56:44.825 INFO [stdout] test result: ok. 6 passed; 0 failed; 0 ignored; 0 measured; 0 filtered out
Dec 01 19:56:44.825 INFO [stdout] 
Dec 01 19:56:44.826 INFO [stderr]      Running /target/debug/deps/lib-b42660e4d9b3a210
Dec 01 19:56:44.828 INFO [stdout] 
Dec 01 19:56:44.828 INFO [stdout] running 10 tests
Dec 01 19:57:44.835 INFO [stdout] test test_quiet_failures ... test test_quiet_failures has been running for over 60 seconds
Dec 01 19:57:44.835 INFO [stdout] test test_setup_seed_config ... test test_setup_seed_config has been running for over 60 seconds
Dec 01 19:57:44.835 INFO [stdout] test test_quiet_cache ... test test_quiet_cache has been running for over 60 seconds
Dec 01 19:57:44.835 INFO [stdout] test test_correct_rendering_v1 ... test test_correct_rendering_v1 has been running for over 60 seconds
Dec 01 19:57:44.835 INFO [stdout] test test_quiet_old_cache ... test test_quiet_old_cache has been running for over 60 seconds
Dec 01 19:57:44.835 INFO [stdout] test test_correct_rendering_with_config ... test test_correct_rendering_with_config has been running for over 60 seconds
Dec 01 19:57:44.835 INFO [stdout] test test_correct_rendering_v2 ... test test_correct_rendering_v2 has been running for over 60 seconds
Dec 01 19:57:44.835 INFO [stdout] test test_missing_cache ... test test_missing_cache has been running for over 60 seconds
Dec 01 20:00:59.119 INFO [stdout] test test_correct_rendering_with_config ... ok
Dec 01 20:00:59.627 INFO [stdout] test test_quiet_failures ... FAILED
Dec 01 20:00:59.679 INFO [stdout] test test_quiet_old_cache ... FAILED
Dec 01 20:00:59.973 INFO [stdout] test test_correct_rendering_v2 ... ok
Dec 01 20:01:00.165 INFO [stdout] test test_quiet_cache ... FAILED
Dec 01 20:01:00.350 INFO [stdout] test test_missing_cache ... ok
Dec 01 20:01:00.491 INFO [stdout] test test_show_config_path ... ok
Dec 01 20:01:00.599 INFO [stdout] test test_correct_rendering_v1 ... ok
Dec 01 20:01:00.812 INFO [stdout] test test_setup_seed_config ... ok
Dec 01 20:01:01.339 INFO [stdout] test test_update_cache ... FAILED
Dec 01 20:01:01.339 INFO [stdout] 
Dec 01 20:01:01.339 INFO [stdout] failures:
Dec 01 20:01:01.339 INFO [stdout] 
Dec 01 20:01:01.339 INFO [stdout] ---- test_quiet_failures stdout ----
Dec 01 20:01:01.339 INFO [stdout] thread 'test_quiet_failures' panicked at 'Unexpected failure.
Dec 01 20:01:01.339 INFO [stdout] code-1
Dec 01 20:01:01.339 INFO [stdout] stderr=```Could not update cache: HTTP error: https://github.com/tldr-pages/tldr/archive/master.tar.gz: an error occurred trying to connect: failed to lookup address information: Temporary failure in name resolution
Dec 01 20:01:01.339 INFO [stdout] ```
Dec 01 20:01:01.339 INFO [stdout] command=`"/target/x86_64-unknown-linux-gnu/debug/tldr" "--update" "-q"`
Dec 01 20:01:01.339 INFO [stdout] code=1
Dec 01 20:01:01.339 INFO [stdout] stdout=``````
Dec 01 20:01:01.339 INFO [stdout] stderr=```Could not update cache: HTTP error: https://github.com/tldr-pages/tldr/archive/master.tar.gz: an error occurred trying to connect: failed to lookup address information: Temporary failure in name resolution
Dec 01 20:01:01.339 INFO [stdout] ```
Dec 01 20:01:01.339 INFO [stdout] ', /cargo-home/registry/src/github.com-1ecc6299db9ec823/assert_cmd-0.10.2/src/assert.rs:154:13
Dec 01 20:01:01.339 INFO [stdout] stack backtrace:
Dec 01 20:01:01.339 INFO [stdout]    0:     0x56306780297f - std::sys::unix::backtrace::tracing::imp::unwind_backtrace::h3a8b83e1922cbdde
Dec 01 20:01:01.339 INFO [stdout]                                at libstd/sys/unix/backtrace/tracing/gcc_s.rs:49
Dec 01 20:01:01.339 INFO [stdout]    1:     0x56306780f727 - std::sys_common::backtrace::print::h00d3155a29b4020f
Dec 01 20:01:01.339 INFO [stdout]                                at libstd/sys_common/backtrace.rs:71
Dec 01 20:01:01.339 INFO [stdout]                                at libstd/sys_common/backtrace.rs:59
Dec 01 20:01:01.339 INFO [stdout]    2:     0x56306780820f - std::panicking::default_hook::{{closure}}::hd7465c742e79e1bb
Dec 01 20:01:01.339 INFO [stdout]                                at libstd/panicking.rs:211
Dec 01 20:01:01.339 INFO [stdout]    3:     0x563067807f0e - std::panicking::default_hook::h9e3966f2aa2a6e12
Dec 01 20:01:01.339 INFO [stdout]                                at libstd/panicking.rs:221
Dec 01 20:01:01.339 INFO [stdout]    4:     0x5630678088ee - std::panicking::rust_panic_with_hook::h587f091ae747d080
Dec 01 20:01:01.339 INFO [stdout]                                at libstd/panicking.rs:476
Dec 01 20:01:01.339 INFO [stdout]    5:     0x563067808491 - std::panicking::continue_panic_fmt::hb3a4fdede87f43a8
Dec 01 20:01:01.339 INFO [stdout]                                at libstd/panicking.rs:390
Dec 01 20:01:01.339 INFO [stdout]    6:     0x5630678083de - std::panicking::begin_panic_fmt::h387afc7da9a10555
Dec 01 20:01:01.339 INFO [stdout]                                at libstd/panicking.rs:345
Dec 01 20:01:01.339 INFO [stdout]    7:     0x563067779877 - assert_cmd::assert::Assert::success::h64cf3a815e7454c8
Dec 01 20:01:01.339 INFO [stdout]                                at /cargo-home/registry/src/github.com-1ecc6299db9ec823/assert_cmd-0.10.2/src/assert.rs:154
Dec 01 20:01:01.339 INFO [stdout]    8:     0x56306771444c - lib::test_quiet_failures::h46c9f186fea81ed0
Dec 01 20:01:01.339 INFO [stdout]                                at tests/lib.rs:126
Dec 01 20:01:01.339 INFO [stdout]    9:     0x563067714389 - lib::test_quiet_failures::{{closure}}::h0588c72702dc39ce
Dec 01 20:01:01.339 INFO [stdout]                                at tests/lib.rs:123
Dec 01 20:01:01.339 INFO [stdout]   10:     0x563067717ded - core::ops::function::FnOnce::call_once::h0aef04861616fe6e
Dec 01 20:01:01.339 INFO [stdout]                                at libcore/ops/function.rs:238
Dec 01 20:01:01.339 INFO [stdout]   11:     0x5630677213fe - <F as alloc::boxed::FnBox<A>>::call_box::hac903f91577a156c
Dec 01 20:01:01.339 INFO [stdout]                                at libtest/lib.rs:1468
Dec 01 20:01:01.339 INFO [stdout]                                at libcore/ops/function.rs:238
Dec 01 20:01:01.339 INFO [stdout]                                at liballoc/boxed.rs:672
Dec 01 20:01:01.339 INFO [stdout]   12:     0x56306781a6d9 - __rust_maybe_catch_panic
Dec 01 20:01:01.339 INFO [stdout]                                at libpanic_unwind/lib.rs:102
Dec 01 20:01:01.339 INFO [stdout]   13:     0x563067743052 - std::sys_common::backtrace::__rust_begin_short_backtrace::hb8f0d0309526c184
Dec 01 20:01:01.339 INFO [stdout]                                at libstd/panicking.rs:289
Dec 01 20:01:01.339 INFO [stdout]                                at libstd/panic.rs:392
Dec 01 20:01:01.339 INFO [stdout]                                at libtest/lib.rs:1423
Dec 01 20:01:01.339 INFO [stdout]                                at libstd/sys_common/backtrace.rs:136
Dec 01 20:01:01.339 INFO [stdout]   14:     0x563067743b04 - std::panicking::try::do_call::hc2f7c8b9a348d8db
Dec 01 20:01:01.339 INFO [stdout]                                at libstd/thread/mod.rs:409
Dec 01 20:01:01.339 INFO [stdout]                                at libstd/panic.rs:313
Dec 01 20:01:01.339 INFO [stdout]                                at libstd/panicking.rs:310
Dec 01 20:01:01.339 INFO [stdout]   15:     0x56306781a6d9 - __rust_maybe_catch_panic
Dec 01 20:01:01.339 INFO [stdout]                                at libpanic_unwind/lib.rs:102
Dec 01 20:01:01.339 INFO [stdout]   16:     0x563067730d3c - <F as alloc::boxed::FnBox<A>>::call_box::h6bfded618e480b32
Dec 01 20:01:01.339 INFO [stdout]                                at libstd/panicking.rs:289
Dec 01 20:01:01.339 INFO [stdout]                                at libstd/panic.rs:392
Dec 01 20:01:01.339 INFO [stdout]                                at libstd/thread/mod.rs:408
Dec 01 20:01:01.339 INFO [stdout]                                at liballoc/boxed.rs:672
Dec 01 20:01:01.339 INFO [stdout]   17:     0x5630678050dd - std::sys_common::thread::start_thread::h4c28257d67cdf9cb
Dec 01 20:01:01.339 INFO [stdout]                                at liballoc/boxed.rs:682
Dec 01 20:01:01.339 INFO [stdout]                                at libstd/sys_common/thread.rs:24
Dec 01 20:01:01.339 INFO [stdout]   18:     0x5630677f74f5 - std::sys::unix::thread::Thread::new::thread_start::hfecb2e7eff8fd34f
Dec 01 20:01:01.339 INFO [stdout]                                at libstd/sys/unix/thread.rs:90
Dec 01 20:01:01.339 INFO [stdout]   19:     0x7f2cf856a6b9 - start_thread
Dec 01 20:01:01.339 INFO [stdout]   20:     0x7f2cf808a41c - clone
Dec 01 20:01:01.339 INFO [stdout]   21:                0x0 - <unknown>
Dec 01 20:01:01.340 INFO [stdout] 
Dec 01 20:01:01.340 INFO [stdout] ---- test_quiet_old_cache stdout ----
Dec 01 20:01:01.340 INFO [stdout] thread 'test_quiet_old_cache' panicked at 'Unexpected failure.
Dec 01 20:01:01.340 INFO [stdout] code-1
Dec 01 20:01:01.340 INFO [stdout] stderr=```Could not update cache: HTTP error: https://github.com/tldr-pages/tldr/archive/master.tar.gz: an error occurred trying to connect: failed to lookup address information: Temporary failure in name resolution
Dec 01 20:01:01.340 INFO [stdout] ```
Dec 01 20:01:01.340 INFO [stdout] command=`"/target/x86_64-unknown-linux-gnu/debug/tldr" "--update" "-q"`
Dec 01 20:01:01.340 INFO [stdout] code=1
Dec 01 20:01:01.340 INFO [stdout] stdout=``````
Dec 01 20:01:01.340 INFO [stdout] stderr=```Could not update cache: HTTP error: https://github.com/tldr-pages/tldr/archive/master.tar.gz: an error occurred trying to connect: failed to lookup address information: Temporary failure in name resolution
Dec 01 20:01:01.340 INFO [stdout] ```
Dec 01 20:01:01.340 INFO [stdout] ', /cargo-home/registry/src/github.com-1ecc6299db9ec823/assert_cmd-0.10.2/src/assert.rs:154:13
Dec 01 20:01:01.340 INFO [stdout] stack backtrace:
Dec 01 20:01:01.340 INFO [stdout]    0:     0x56306780297f - std::sys::unix::backtrace::tracing::imp::unwind_backtrace::h3a8b83e1922cbdde
Dec 01 20:01:01.340 INFO [stdout]                                at libstd/sys/unix/backtrace/tracing/gcc_s.rs:49
Dec 01 20:01:01.340 INFO [stdout]    1:     0x56306780f727 - std::sys_common::backtrace::print::h00d3155a29b4020f
Dec 01 20:01:01.340 INFO [stdout]                                at libstd/sys_common/backtrace.rs:71
Dec 01 20:01:01.340 INFO [stdout]                                at libstd/sys_common/backtrace.rs:59
Dec 01 20:01:01.340 INFO [stdout]    2:     0x56306780820f - std::panicking::default_hook::{{closure}}::hd7465c742e79e1bb
Dec 01 20:01:01.340 INFO [stdout]                                at libstd/panicking.rs:211
Dec 01 20:01:01.340 INFO [stdout]    3:     0x563067807f0e - std::panicking::default_hook::h9e3966f2aa2a6e12
Dec 01 20:01:01.340 INFO [stdout]                                at libstd/panicking.rs:221
Dec 01 20:01:01.340 INFO [stdout]    4:     0x5630678088ee - std::panicking::rust_panic_with_hook::h587f091ae747d080
Dec 01 20:01:01.340 INFO [stdout]                                at libstd/panicking.rs:476
Dec 01 20:01:01.340 INFO [stdout]    5:     0x563067808491 - std::panicking::continue_panic_fmt::hb3a4fdede87f43a8
Dec 01 20:01:01.340 INFO [stdout]                                at libstd/panicking.rs:390
Dec 01 20:01:01.340 INFO [stdout]    6:     0x5630678083de - std::panicking::begin_panic_fmt::h387afc7da9a10555
Dec 01 20:01:01.340 INFO [stdout]                                at libstd/panicking.rs:345
Dec 01 20:01:01.340 INFO [stdout]    7:     0x563067779877 - assert_cmd::assert::Assert::success::h64cf3a815e7454c8
Dec 01 20:01:01.340 INFO [stdout]                                at /cargo-home/registry/src/github.com-1ecc6299db9ec823/assert_cmd-0.10.2/src/assert.rs:154
Dec 01 20:01:01.340 INFO [stdout]    8:     0x563067714724 - lib::test_quiet_old_cache::h4c559005aa8bdfea
Dec 01 20:01:01.340 INFO [stdout]                                at tests/lib.rs:145
Dec 01 20:01:01.340 INFO [stdout]    9:     0x563067714659 - lib::test_quiet_old_cache::{{closure}}::h18861f9829551998
Dec 01 20:01:01.340 INFO [stdout]                                at tests/lib.rs:142
Dec 01 20:01:01.340 INFO [stdout]   10:     0x563067717f2d - core::ops::function::FnOnce::call_once::h9d3a29e3d2eea087
Dec 01 20:01:01.340 INFO [stdout]                                at libcore/ops/function.rs:238
Dec 01 20:01:01.340 INFO [stdout]   11:     0x5630677213fe - <F as alloc::boxed::FnBox<A>>::call_box::hac903f91577a156c
Dec 01 20:01:01.340 INFO [stdout]                                at libtest/lib.rs:1468
Dec 01 20:01:01.340 INFO [stdout]                                at libcore/ops/function.rs:238
Dec 01 20:01:01.340 INFO [stdout]                                at liballoc/boxed.rs:672
Dec 01 20:01:01.340 INFO [stdout]   12:     0x56306781a6d9 - __rust_maybe_catch_panic
Dec 01 20:01:01.340 INFO [stdout]                                at libpanic_unwind/lib.rs:102
Dec 01 20:01:01.340 INFO [stdout]   13:     0x563067743052 - std::sys_common::backtrace::__rust_begin_short_backtrace::hb8f0d0309526c184
Dec 01 20:01:01.340 INFO [stdout]                                at libstd/panicking.rs:289
Dec 01 20:01:01.340 INFO [stdout]                                at libstd/panic.rs:392
Dec 01 20:01:01.340 INFO [stdout]                                at libtest/lib.rs:1423
Dec 01 20:01:01.340 INFO [stdout]                                at libstd/sys_common/backtrace.rs:136
Dec 01 20:01:01.340 INFO [stdout]   14:     0x563067743b04 - std::panicking::try::do_call::hc2f7c8b9a348d8db
Dec 01 20:01:01.340 INFO [stdout]                                at libstd/thread/mod.rs:409
Dec 01 20:01:01.340 INFO [stdout]                                at libstd/panic.rs:313
Dec 01 20:01:01.340 INFO [stdout]                                at libstd/panicking.rs:310
Dec 01 20:01:01.340 INFO [stdout]   15:     0x56306781a6d9 - __rust_maybe_catch_panic
Dec 01 20:01:01.340 INFO [stdout]                                at libpanic_unwind/lib.rs:102
Dec 01 20:01:01.340 INFO [stdout]   16:     0x563067730d3c - <F as alloc::boxed::FnBox<A>>::call_box::h6bfded618e480b32
Dec 01 20:01:01.340 INFO [stdout]                                at libstd/panicking.rs:289
Dec 01 20:01:01.340 INFO [stdout]                                at libstd/panic.rs:392
Dec 01 20:01:01.340 INFO [stdout]                                at libstd/thread/mod.rs:408
Dec 01 20:01:01.340 INFO [stdout]                                at liballoc/boxed.rs:672
Dec 01 20:01:01.340 INFO [stdout]   17:     0x5630678050dd - std::sys_common::thread::start_thread::h4c28257d67cdf9cb
Dec 01 20:01:01.340 INFO [stdout]                                at liballoc/boxed.rs:682
Dec 01 20:01:01.340 INFO [stdout]                                at libstd/sys_common/thread.rs:24
Dec 01 20:01:01.340 INFO [stdout]   18:     0x5630677f74f5 - std::sys::unix::thread::Thread::new::thread_start::hfecb2e7eff8fd34f
Dec 01 20:01:01.340 INFO [stdout]                                at libstd/sys/unix/thread.rs:90
Dec 01 20:01:01.340 INFO [stdout]   19:     0x7f2cf856a6b9 - start_thread
Dec 01 20:01:01.340 INFO [stdout]   20:     0x7f2cf808a41c - clone
Dec 01 20:01:01.340 INFO [stdout]   21:                0x0 - <unknown>
Dec 01 20:01:01.340 INFO [stdout] 
Dec 01 20:01:01.340 INFO [stdout] ---- test_quiet_cache stdout ----
Dec 01 20:01:01.340 INFO [stdout] thread 'test_quiet_cache' panicked at 'Unexpected failure.
Dec 01 20:01:01.340 INFO [stdout] code-1
Dec 01 20:01:01.340 INFO [stdout] stderr=```Could not update cache: HTTP error: https://github.com/tldr-pages/tldr/archive/master.tar.gz: an error occurred trying to connect: failed to lookup address information: Temporary failure in name resolution
Dec 01 20:01:01.340 INFO [stdout] ```
Dec 01 20:01:01.340 INFO [stdout] command=`"/target/x86_64-unknown-linux-gnu/debug/tldr" "--update" "--quiet"`
Dec 01 20:01:01.340 INFO [stdout] code=1
Dec 01 20:01:01.340 INFO [stdout] stdout=``````
Dec 01 20:01:01.340 INFO [stdout] stderr=```Could not update cache: HTTP error: https://github.com/tldr-pages/tldr/archive/master.tar.gz: an error occurred trying to connect: failed to lookup address information: Temporary failure in name resolution
Dec 01 20:01:01.340 INFO [stdout] ```
Dec 01 20:01:01.340 INFO [stdout] ', /cargo-home/registry/src/github.com-1ecc6299db9ec823/assert_cmd-0.10.2/src/assert.rs:154:13
Dec 01 20:01:01.340 INFO [stdout] stack backtrace:
Dec 01 20:01:01.340 INFO [stdout]    0:     0x56306780297f - std::sys::unix::backtrace::tracing::imp::unwind_backtrace::h3a8b83e1922cbdde
Dec 01 20:01:01.340 INFO [stdout]                                at libstd/sys/unix/backtrace/tracing/gcc_s.rs:49
Dec 01 20:01:01.340 INFO [stdout]    1:     0x56306780f727 - std::sys_common::backtrace::print::h00d3155a29b4020f
Dec 01 20:01:01.340 INFO [stdout]                                at libstd/sys_common/backtrace.rs:71
Dec 01 20:01:01.341 INFO [stdout]                                at libstd/sys_common/backtrace.rs:59
Dec 01 20:01:01.341 INFO [stdout]    2:     0x56306780820f - std::panicking::default_hook::{{closure}}::hd7465c742e79e1bb
Dec 01 20:01:01.341 INFO [stdout]                                at libstd/panicking.rs:211
Dec 01 20:01:01.341 INFO [stdout]    3:     0x563067807f0e - std::panicking::default_hook::h9e3966f2aa2a6e12
Dec 01 20:01:01.341 INFO [stdout]                                at libstd/panicking.rs:221
Dec 01 20:01:01.341 INFO [stdout]    4:     0x5630678088ee - std::panicking::rust_panic_with_hook::h587f091ae747d080
Dec 01 20:01:01.341 INFO [stdout]                                at libstd/panicking.rs:476
Dec 01 20:01:01.341 INFO [stdout]    5:     0x563067808491 - std::panicking::continue_panic_fmt::hb3a4fdede87f43a8
Dec 01 20:01:01.341 INFO [stdout]                                at libstd/panicking.rs:390
Dec 01 20:01:01.341 INFO [stdout]    6:     0x5630678083de - std::panicking::begin_panic_fmt::h387afc7da9a10555
Dec 01 20:01:01.341 INFO [stdout]                                at libstd/panicking.rs:345
Dec 01 20:01:01.341 INFO [stdout]    7:     0x563067779877 - assert_cmd::assert::Assert::success::h64cf3a815e7454c8
Dec 01 20:01:01.341 INFO [stdout]                                at /cargo-home/registry/src/github.com-1ecc6299db9ec823/assert_cmd-0.10.2/src/assert.rs:154
Dec 01 20:01:01.341 INFO [stdout]    8:     0x56306771417c - lib::test_quiet_cache::h317e333eff9d7af4
Dec 01 20:01:01.341 INFO [stdout]                                at tests/lib.rs:107
Dec 01 20:01:01.341 INFO [stdout]    9:     0x5630677140b9 - lib::test_quiet_cache::{{closure}}::h858384fbf756d7bc
Dec 01 20:01:01.341 INFO [stdout]                                at tests/lib.rs:105
Dec 01 20:01:01.341 INFO [stdout]   10:     0x563067717fad - core::ops::function::FnOnce::call_once::ha19fd4a368a58aad
Dec 01 20:01:01.341 INFO [stdout]                                at libcore/ops/function.rs:238
Dec 01 20:01:01.341 INFO [stdout]   11:     0x5630677213fe - <F as alloc::boxed::FnBox<A>>::call_box::hac903f91577a156c
Dec 01 20:01:01.341 INFO [stdout]                                at libtest/lib.rs:1468
Dec 01 20:01:01.341 INFO [stdout]                                at libcore/ops/function.rs:238
Dec 01 20:01:01.341 INFO [stdout]                                at liballoc/boxed.rs:672
Dec 01 20:01:01.341 INFO [stdout]   12:     0x56306781a6d9 - __rust_maybe_catch_panic
Dec 01 20:01:01.341 INFO [stdout]                                at libpanic_unwind/lib.rs:102
Dec 01 20:01:01.341 INFO [stdout]   13:     0x563067743052 - std::sys_common::backtrace::__rust_begin_short_backtrace::hb8f0d0309526c184
Dec 01 20:01:01.341 INFO [stdout]                                at libstd/panicking.rs:289
Dec 01 20:01:01.341 INFO [stdout]                                at libstd/panic.rs:392
Dec 01 20:01:01.341 INFO [stdout]                                at libtest/lib.rs:1423
Dec 01 20:01:01.341 INFO [stdout]                                at libstd/sys_common/backtrace.rs:136
Dec 01 20:01:01.341 INFO [stdout]   14:     0x563067743b04 - std::panicking::try::do_call::hc2f7c8b9a348d8db
Dec 01 20:01:01.341 INFO [stdout]                                at libstd/thread/mod.rs:409
Dec 01 20:01:01.341 INFO [stdout]                                at libstd/panic.rs:313
Dec 01 20:01:01.341 INFO [stdout]                                at libstd/panicking.rs:310
Dec 01 20:01:01.341 INFO [stdout]   15:     0x56306781a6d9 - __rust_maybe_catch_panic
Dec 01 20:01:01.341 INFO [stdout]                                at libpanic_unwind/lib.rs:102
Dec 01 20:01:01.341 INFO [stdout]   16:     0x563067730d3c - <F as alloc::boxed::FnBox<A>>::call_box::h6bfded618e480b32
Dec 01 20:01:01.341 INFO [stdout]                                at libstd/panicking.rs:289
Dec 01 20:01:01.341 INFO [stdout]                                at libstd/panic.rs:392
Dec 01 20:01:01.341 INFO [stdout]                                at libstd/thread/mod.rs:408
Dec 01 20:01:01.341 INFO [stdout]                                at liballoc/boxed.rs:672
Dec 01 20:01:01.341 INFO [stdout]   17:     0x5630678050dd - std::sys_common::thread::start_thread::h4c28257d67cdf9cb
Dec 01 20:01:01.341 INFO [stdout]                                at liballoc/boxed.rs:682
Dec 01 20:01:01.341 INFO [stdout]                                at libstd/sys_common/thread.rs:24
Dec 01 20:01:01.341 INFO [stdout]   18:     0x5630677f74f5 - std::sys::unix::thread::Thread::new::thread_start::hfecb2e7eff8fd34f
Dec 01 20:01:01.341 INFO [stdout]                                at libstd/sys/unix/thread.rs:90
Dec 01 20:01:01.341 INFO [stdout]   19:     0x7f2cf856a6b9 - start_thread
Dec 01 20:01:01.341 INFO [stdout]   20:     0x7f2cf808a41c - clone
Dec 01 20:01:01.341 INFO [stdout]   21:                0x0 - <unknown>
Dec 01 20:01:01.341 INFO [stdout] 
Dec 01 20:01:01.341 INFO [stdout] ---- test_update_cache stdout ----
Dec 01 20:01:01.341 INFO [stdout] thread 'test_update_cache' panicked at 'Unexpected failure.
Dec 01 20:01:01.341 INFO [stdout] code-1
Dec 01 20:01:01.341 INFO [stdout] stderr=```Could not update cache: HTTP error: https://github.com/tldr-pages/tldr/archive/master.tar.gz: an error occurred trying to connect: failed to lookup address information: Temporary failure in name resolution
Dec 01 20:01:01.341 INFO [stdout] ```
Dec 01 20:01:01.341 INFO [stdout] command=`"/target/x86_64-unknown-linux-gnu/debug/tldr" "--update"`
Dec 01 20:01:01.341 INFO [stdout] code=1
Dec 01 20:01:01.341 INFO [stdout] stdout=``````
Dec 01 20:01:01.341 INFO [stdout] stderr=```Could not update cache: HTTP error: https://github.com/tldr-pages/tldr/archive/master.tar.gz: an error occurred trying to connect: failed to lookup address information: Temporary failure in name resolution
Dec 01 20:01:01.341 INFO [stdout] ```
Dec 01 20:01:01.341 INFO [stdout] ', /cargo-home/registry/src/github.com-1ecc6299db9ec823/assert_cmd-0.10.2/src/assert.rs:154:13
Dec 01 20:01:01.341 INFO [stdout] stack backtrace:
Dec 01 20:01:01.341 INFO [stdout]    0:     0x56306780297f - std::sys::unix::backtrace::tracing::imp::unwind_backtrace::h3a8b83e1922cbdde
Dec 01 20:01:01.341 INFO [stdout]                                at libstd/sys/unix/backtrace/tracing/gcc_s.rs:49
Dec 01 20:01:01.341 INFO [stdout]    1:     0x56306780f727 - std::sys_common::backtrace::print::h00d3155a29b4020f
Dec 01 20:01:01.341 INFO [stdout]                                at libstd/sys_common/backtrace.rs:71
Dec 01 20:01:01.341 INFO [stdout]                                at libstd/sys_common/backtrace.rs:59
Dec 01 20:01:01.341 INFO [stdout]    2:     0x56306780820f - std::panicking::default_hook::{{closure}}::hd7465c742e79e1bb
Dec 01 20:01:01.341 INFO [stdout]                                at libstd/panicking.rs:211
Dec 01 20:01:01.341 INFO [stdout]    3:     0x563067807f0e - std::panicking::default_hook::h9e3966f2aa2a6e12
Dec 01 20:01:01.341 INFO [stdout]                                at libstd/panicking.rs:221
Dec 01 20:01:01.341 INFO [stdout]    4:     0x5630678088ee - std::panicking::rust_panic_with_hook::h587f091ae747d080
Dec 01 20:01:01.341 INFO [stdout]                                at libstd/panicking.rs:476
Dec 01 20:01:01.341 INFO [stdout]    5:     0x563067808491 - std::panicking::continue_panic_fmt::hb3a4fdede87f43a8
Dec 01 20:01:01.341 INFO [stdout]                                at libstd/panicking.rs:390
Dec 01 20:01:01.341 INFO [stdout]    6:     0x5630678083de - std::panicking::begin_panic_fmt::h387afc7da9a10555
Dec 01 20:01:01.341 INFO [stdout]                                at libstd/panicking.rs:345
Dec 01 20:01:01.341 INFO [stdout]    7:     0x563067779877 - assert_cmd::assert::Assert::success::h64cf3a815e7454c8
Dec 01 20:01:01.341 INFO [stdout]                                at /cargo-home/registry/src/github.com-1ecc6299db9ec823/assert_cmd-0.10.2/src/assert.rs:154
Dec 01 20:01:01.341 INFO [stdout]    8:     0x563067713ed0 - lib::test_update_cache::hfa0ccb3f32798c09
Dec 01 20:01:01.341 INFO [stdout]                                at tests/lib.rs:90
Dec 01 20:01:01.341 INFO [stdout]    9:     0x563067713d19 - lib::test_update_cache::{{closure}}::hf74f91c0c93a6039
Dec 01 20:01:01.341 INFO [stdout]                                at tests/lib.rs:80
Dec 01 20:01:01.341 INFO [stdout]   10:     0x563067717e2d - core::ops::function::FnOnce::call_once::h2a33deeea571a7e6
Dec 01 20:01:01.341 INFO [stdout]                                at libcore/ops/function.rs:238
Dec 01 20:01:01.341 INFO [stdout]   11:     0x5630677213fe - <F as alloc::boxed::FnBox<A>>::call_box::hac903f91577a156c
Dec 01 20:01:01.341 INFO [stdout]                                at libtest/lib.rs:1468
Dec 01 20:01:01.341 INFO [stdout]                                at libcore/ops/function.rs:238
Dec 01 20:01:01.341 INFO [stdout]                                at liballoc/boxed.rs:672
Dec 01 20:01:01.341 INFO [stdout]   12:     0x56306781a6d9 - __rust_maybe_catch_panic
Dec 01 20:01:01.341 INFO [stdout]                                at libpanic_unwind/lib.rs:102
Dec 01 20:01:01.342 INFO [stdout]   13:     0x563067743052 - std::sys_common::backtrace::__rust_begin_short_backtrace::hb8f0d0309526c184
Dec 01 20:01:01.342 INFO [stdout]                                at libstd/panicking.rs:289
Dec 01 20:01:01.342 INFO [stdout]                                at libstd/panic.rs:392
Dec 01 20:01:01.342 INFO [stdout]                                at libtest/lib.rs:1423
Dec 01 20:01:01.342 INFO [stdout]                                at libstd/sys_common/backtrace.rs:136
Dec 01 20:01:01.342 INFO [stdout]   14:     0x563067743b04 - std::panicking::try::do_call::hc2f7c8b9a348d8db
Dec 01 20:01:01.342 INFO [stdout]                                at libstd/thread/mod.rs:409
Dec 01 20:01:01.342 INFO [stdout]                                at libstd/panic.rs:313
Dec 01 20:01:01.342 INFO [stdout]                                at libstd/panicking.rs:310
Dec 01 20:01:01.342 INFO [stdout]   15:     0x56306781a6d9 - __rust_maybe_catch_panic
Dec 01 20:01:01.342 INFO [stdout]                                at libpanic_unwind/lib.rs:102
Dec 01 20:01:01.342 INFO [stdout]   16:     0x563067730d3c - <F as alloc::boxed::FnBox<A>>::call_box::h6bfded618e480b32
Dec 01 20:01:01.342 INFO [stdout]                                at libstd/panicking.rs:289
Dec 01 20:01:01.342 INFO [stdout]                                at libstd/panic.rs:392
Dec 01 20:01:01.342 INFO [stdout]                                at libstd/thread/mod.rs:408
Dec 01 20:01:01.342 INFO [stdout]                                at liballoc/boxed.rs:672
Dec 01 20:01:01.342 INFO [stdout]   17:     0x5630678050dd - std::sys_common::thread::start_thread::h4c28257d67cdf9cb
Dec 01 20:01:01.342 INFO [stdout]                                at liballoc/boxed.rs:682
Dec 01 20:01:01.342 INFO [stdout]                                at libstd/sys_common/thread.rs:24
Dec 01 20:01:01.342 INFO [stdout]   18:     0x5630677f74f5 - std::sys::unix::thread::Thread::new::thread_start::hfecb2e7eff8fd34f
Dec 01 20:01:01.342 INFO [stdout]                                at libstd/sys/unix/thread.rs:90
Dec 01 20:01:01.342 INFO [stdout]   19:     0x7f2cf856a6b9 - start_thread
Dec 01 20:01:01.342 INFO [stdout]   20:     0x7f2cf808a41c - clone
Dec 01 20:01:01.342 INFO [stdout]   21:                0x0 - <unknown>
Dec 01 20:01:01.342 INFO [stdout] 
Dec 01 20:01:01.342 INFO [stdout] 
Dec 01 20:01:01.342 INFO [stdout] failures:
Dec 01 20:01:01.342 INFO [stdout]     test_quiet_cache
Dec 01 20:01:01.342 INFO [stdout]     test_quiet_failures
Dec 01 20:01:01.342 INFO [stdout]     test_quiet_old_cache
Dec 01 20:01:01.342 INFO [stdout]     test_update_cache
Dec 01 20:01:01.342 INFO [stdout] 
Dec 01 20:01:01.342 INFO [stdout] test result: FAILED. 6 passed; 4 failed; 0 ignored; 0 measured; 0 filtered out
Dec 01 20:01:01.342 INFO [stdout] 
Dec 01 20:01:01.342 INFO [stderr] error: test failed, to rerun pass '--test lib'
Dec 01 20:01:01.342 INFO [stderr] su: No module specific data is present
Dec 01 20:01:02.265 INFO running `"docker" "inspect" "8d33e74b654a5a76471ca73defbb5deb98fab6787eff451ecd8287e97cb42cb1"`
Dec 01 20:01:02.553 INFO running `"docker" "rm" "-f" "8d33e74b654a5a76471ca73defbb5deb98fab6787eff451ecd8287e97cb42cb1"`
Dec 01 20:01:02.903 INFO [stdout] 8d33e74b654a5a76471ca73defbb5deb98fab6787eff451ecd8287e97cb42cb1
